 r*q - s - 205 = 0, 5*q + 5*s = 535. List the prime factors of q.
2, 13
Suppose 121*b - 3*h = 117*b + 5321, 5*h + 6655 = 5*b. List the prime factors of b.
2, 83
Suppose 6*x = 4909 - 1765. Let c = x + -120. List the prime factors of c.
2, 101
Let j(d) = d**3 - 2*d**2 - 5*d - 4. Let o be j(5). Suppose -5*z = -84 - o. What are the prime factors of z?
2, 13
Suppose 6*q - 9*q + 4*l + 16346 = 0, -5 = l. List the prime factors of q.
2, 3, 907
Let x = -115 + 99. List the prime factors of -1*463*-1 - x/(-4).
3, 17
Suppose 0 = q + 3*v - 12655, 52*v = -2*q + 47*v + 25305. What are the prime factors of q?
2, 5, 79
Suppose 4*g + 364 = w, 4*g = 5*w - 1496 - 308. Suppose 0*y = 5*t - 2*y - w, -2*y = 0. List the prime factors of t.
2, 3
Let t(r) = 2*r**3 + 15*r**2 + 7*r - 5. Let v(b) = -b**3 - 5*b**2 + 6*b - 7. Let x be v(-6). Let m be t(x). Let k = m + 21. List the prime factors of k.
2
Let d = 1679 + -381. List the prime factors of d.
2, 11, 59
Suppose -2419040 = 63*m - 115*m. List the prime factors of m.
2, 5, 1163
Suppose -1482242 = -111*r + 253354. What are the prime factors of r?
2, 3, 1303
Suppose 2000 = 15*a - 23*a. Let z = 661 + a. List the prime factors of z.
3, 137
What are the prime factors of 131144/(19 - 6) + -14?
2, 3, 23, 73
Let p = 314 - 272. Suppose -p*k + 820 = -38*k. List the prime factors of k.
5, 41
Let o(j) = -j**2 - 16*j + 95. Let d be o(-20). What are the prime factors of (0 - 6/d) + 31270/50?
5
Let f = -2283 - 2417. Let v be ((-3)/2)/(75/f). List the prime factors of 2*(-3)/2 + v.
7, 13
Let s = -522 + 540. Suppose -s = 3*r - 663. What are the prime factors of r?
5, 43
Let v(h) = -26*h**2. Let r be v(-1). Let m = 24 + r. What are the prime factors of (((-12)/(-5))/3)/(m/(-110))?
2, 11
Suppose 33*d - 30*d + 447 = 0. Let j = -71 - d. Suppose -10*b + 912 = -j. What are the prime factors of b?
3, 11
Let a be 0/(-1 - (-2 - 0)) + -3. Let o be ((-4)/a)/(((-7)/3)/7). Let l(u) = -u**3 - 2*u**2 + 6. List the prime factors of l(o).
2, 19
Suppose -14*m + 36 = -2*m. Let p = -4 - -9. Suppose 0 = m*r - 5*x - 227, -3*x - 257 = -p*r + 116. What are the prime factors of r?
2, 37
Let d be 4/(-6) + (40/(-12))/(-5). Let p = 0 - d. Suppose -i + 32 + 6 = p. What are the prime factors of i?
2, 19
Let j be 6/8 + 9/(-12). Suppose 12 = -3*b, j = 2*f - 4*b - 8 - 16. Let d = f - 1. List the prime factors of d.
3
Let j(i) = -656*i**3 - 2*i**2 + 1. Let q be 16/(-4) - (-15)/5. What are the prime factors of j(q)?
5, 131
Suppose -149 = 13*n - 58. Let b(u) = u - 4*u**2 - u**2 - 8 + 4*u - u**3 - 1. What are the prime factors of b(n)?
2, 3
Let l(c) = -c**3 - 8*c**2 + 7*c - 901. List the prime factors of l(-29).
3, 5519
Let p be 36/(-24) - 21/(-6). Suppose 2*o - 4*y = 622, 13*y - 640 = -p*o + 8*y. List the prime factors of o.
3, 5, 7
Let g = -61 + 65. Suppose -392 = -a + g*f, 1 = 17*f - 16*f. What are the prime factors of a?
2, 3, 11
Suppose 4*h - h - 4086 = 0. Suppose -h = -5*k - 6*m + 5*m, -2*k - m = -546. What are the prime factors of k?
2, 17
Let n be (-158)/(-13) - 9/((-468)/(-8)). Let x(j) = j**3 - 12*j**2 + 17*j - 11. What are the prime factors of x(n)?
193
Suppose 87*b = 90*b - 78. What are the prime factors of (54 - 7)/(2 + b/(-14))?
7, 47
Suppose -4*l + 16 = 0, 1154 = i + l + 407. What are the prime factors of i?
743
Suppose 14 = 2*w + 2. List the prime factors of w/(-30) - (-3332)/10.
3, 37
Let l(j) = 5707*j**2 - 38*j - 36. What are the prime factors of l(-1)?
3, 11, 173
Let b = 7692 - 5283. Suppose 20*a - b = 9*a. What are the prime factors of a?
3, 73
Let m = 1491 + -1053. Let y = m + 65. What are the prime factors of y?
503
Let i(s) = 37*s**3 + 3*s**2 + 3*s - 4. Let p be i(-3). Let z = p - -1509. List the prime factors of z.
2, 131
Let v = 9803 - 5576. List the prime factors of v.
3, 1409
Let q be (-113)/(1/3*(-9)/3). Let r = 105 - q. Let j(k) = -32*k - 49. List the prime factors of j(r).
3, 23
Let q(j) = -24*j + 85. Let v be q(5). Let p = 133 - v. What are the prime factors of p?
2, 3, 7
What are the prime factors of 16910*(-5)/3*(-87)/290?
5, 19, 89
Let m be 1/(20/(-16))*-5. Let g be (2/m)/(4 - 2635/660). Suppose -5*i + 84 = 2*t, i = -3*i - t + g. List the prime factors of i.
2
Suppose 0 = -3*o + 4*z + 10991, -60*o + 61*o + z = 3652. List the prime factors of o.
3, 23, 53
List the prime factors of (1275/18 - 1)/((-2)/(-204)).
17, 419
Let s = -12365 - -22173. What are the prime factors of s?
2, 613
Let k = -4 - -8. Let g(r) be the first derivative of 4*r**3/3 - r**2 + 5*r + 60. What are the prime factors of g(k)?
61
Let r be (-4)/8 + 26/(-4) + 3. What are the prime factors of (-137)/(r/26 + 5/(-52))?
2, 137
Suppose -9*a = -4*a + 1165. Let c = 46 - a. List the prime factors of c.
3, 31
Let r(q) = 18*q + 82*q + 42*q - 13. List the prime factors of r(2).
271
Suppose -w + 14*j + 11799 = 16*j, -3*w + 3*j = -35370. What are the prime factors of w?
3, 3931
Let n(t) = -t + 16. Let b be n(-1). Suppose b*y - 153 = 14*y. List the prime factors of y.
3, 17
Suppose -2646 = -17*s - 4*s. What are the prime factors of s?
2, 3, 7
Let m(x) = -1185*x - 947. List the prime factors of m(-5).
2, 19, 131
Suppose 60690 = 93*f - 76*f. List the prime factors of f.
2, 3, 5, 7, 17
Suppose 0 = -5*j - 5*v + 53962 + 65928, 47928 = 2*j - 5*v. List the prime factors of j.
2, 11987
Let g(q) = 6*q**3 + 3*q**2 - 46*q + 596. List the prime factors of g(9).
4799
Suppose 73*h - 112*h + 301860 = 0. What are the prime factors of h?
2, 3, 5, 43
Let b = -158 - -376. Suppose -13*w + 16 + b = 0. List the prime factors of w.
2, 3
Suppose -w + 98*v - 94*v + 32524 = 0, v + 162544 = 5*w. What are the prime factors of w?
2, 3, 7, 43
Let z = 58795 + -36996. List the prime factors of z.
21799
Suppose -2*r - 4 = 4. Let t be 1 - ((r - -8) + -35). Suppose 8*p = 7*p + t. List the prime factors of p.
2
Suppose -4*w = -c + 1037, -5*w + 1554 + 585 = 2*c. Suppose -z = 5*d - 1725, -5*z + c = 3*d - 0*z. What are the prime factors of d?
2, 43
List the prime factors of (3 + (-69)/(-2))*(4 + 1880/5).
2, 3, 5, 19
Let f(a) = 2668*a + 4271. What are the prime factors of f(30)?
59, 1429
List the prime factors of -20*(-12)/90*(-15)/20 + 50834.
2, 3, 353
Suppose r = 4*r + 9, -5*i + 3643 = -r. Let k = 737 - i. What are the prime factors of k?
3
Let g = 355 + -346. Suppose -3275 = -g*u - 233. What are the prime factors of u?
2, 13
Let d(a) = -a**2 - 20*a + 7. Let l be d(-20). List the prime factors of 3/63*-12 + 823/l.
3, 13
Suppose 4*f + 17772 = 7*f. What are the prime factors of f?
2, 1481
Let q = -318 - -509. Let u = -160 + q. What are the prime factors of u?
31
Let r(u) = 94*u**2 - 28*u + 47. What are the prime factors of r(11)?
11113
Let y(x) = -75*x - 238. What are the prime factors of y(-17)?
17, 61
Let h(m) = 115*m + 1749. What are the prime factors of h(33)?
2, 3, 7, 11
What are the prime factors of 140/980 - ((-6)/(-4))/(14/(-103860))?
2, 13, 107
Let z = 211 - 94. Let f = 163 + -218. Let q = z + f. List the prime factors of q.
2, 31
Suppose -3*g + 262 = 5*m, 0*m + 4*g + 134 = 3*m. Let r = -70 + m. List the prime factors of (r/15)/(4/(-294)).
2, 7
Let s = -1974 - -3852. Suppose -n = 5*y - 464, 17*n - 13*n - 2*y = s. What are the prime factors of n?
7, 67
Let k be 268/(-6)*(4 + 11/(-2)). Let q = 117 + k. Let n = q + -111. What are the prime factors of n?
73
Suppose -70 = 8*v - 38. List the prime factors of v/(-18) - (62350/(-45))/2.
3, 7, 11
Let t(l) = -2*l**2 - 40*l + 41. Let d be t(-21). List the prime factors of ((-5)/(-3))/(((-7)/2331)/d).
3, 5, 37
What are the prime factors of 45018/41 + 10/(-1)?
2, 17
Let w = 100 + -102. Let o(c) = -226*c + 3. Let p be o(w). Suppose -187 = -5*s + 3*s + b, 5*b = 5*s - p. What are the prime factors of s?
2, 3
Let d = 23 + 22. Suppose -4*f + 5*q - d = 0, 2*f + 11 = f + q. Let z = f + 136. What are the prime factors of z?
2, 3, 7
Let g = 218 - 193. Suppose g*f = -12*f + 3219. List the prime factors of f.
3, 29
Let h(w) = -21*w**2 - 301*w + 11. What are the prime factors of h(-12)?
599
Suppose 3*h + 2*h = 0. Suppose -2*k = -5*k - a + 982, h = 4*k - a - 1314. What are the prime factors of k?
2, 41
Let d = -261 - -446. Suppose q = -5*i + d, 1250 = 5*q + 5*i + 425. Suppose -2*v + 3 - q = -3*u, 0 = 3*u - 4*v - 149. What are the prime factors of u?
5, 11
Let t(v) = v**3 - 11*v**2 - 11*v 